 37. Calculate the highest common divisor of 4 and g.
4
Suppose r - 5*a = -4*r + 100, 64 = 5*r + 4*a. Suppose -533 = -11*g + 347. Calculate the greatest common divisor of r and g.
16
Suppose -2*y + 28 = -4*j + 162, 5*j + 3*y = 151. Calculate the greatest common divisor of j and 3200.
32
Let i = 198 - 138. Let t = 5405 + -5381. What is the greatest common factor of t and i?
12
Suppose 0 = -3*j - 5*b + 4, 0 = 3*j + b + 2*b - 12. Suppose 0 = -6*l + 32 - j. What is the highest common factor of l and 16?
4
Let g = -2586 + 4489. Calculate the greatest common factor of 11 and g.
11
Let y(n) = 8*n - 9 + 7 - 6. Let a(i) = 4*i + 1. Let r be a(2). Let w be y(r). Calculate the highest common divisor of 8 and w.
8
Suppose -295 = -6*y + 209. Suppose 3*t - 6*t - 3*u + y = 0, t - 2*u - 34 = 0. What is the highest common factor of 18 and t?
6
Let i = -320 - -325. Let d(s) = -41*s**3 - s**2. Let b be d(-1). Calculate the greatest common factor of b and i.
5
Let s(u) = -6*u**2 + 271*u + 57. Let c be s(45). What is the greatest common factor of c and 374?
34
Suppose 8*t - 133 = -21. What is the highest common divisor of 2 and t?
2
Let c = 138 + -110. Suppose -c*x + 27*x = -80. What is the highest common divisor of 10 and x?
10
Let u = 141 + -132. What is the greatest common factor of 6 and u?
3
Let n = 138 + -133. What is the greatest common factor of 160 and n?
5
Let l be 6/(5/((-75)/(-6))). Suppose 5 = 3*f + 4*r - 4, 2*f - r - 6 = 0. Suppose -48 = -f*y - 33. What is the greatest common divisor of l and y?
5
Let z(t) = -2*t - 2. Let u be z(-3). Suppose 0 = -5*x - u*j + 32, j + 42 = -x + 6*x. Calculate the highest common divisor of 56 and x.
8
Let i = 321 + 1616. Calculate the highest common divisor of i and 13.
13
Let z(w) = w**3 - 4*w**2 - 3*w + 38. Let a be z(5). What is the greatest common factor of a and 336?
48
Let d(a) be the third derivative of 4*a**2 + 0 + 1/8*a**4 + 2/3*a**3 + 0*a. Let v be d(3). Calculate the highest common divisor of v and 52.
13
Suppose -11*c + 10 = -56. Calculate the highest common factor of 38 and c.
2
Let n = 112 + -177. Let t = n - -93. Let a be (4 + -1)*-1 - -59. Calculate the highest common factor of a and t.
28
Suppose 24 = b - 2*z, 6*z - 2*z + 74 = 3*b. What is the greatest common factor of 26 and b?
26
Let w(g) = -g + 11. Let m be w(-5). Suppose -5*d = 6 - m. Let c(s) = 14*s + 2. Let v be c(d). What is the greatest common divisor of v and 10?
10
Let b = -180 + 259. Let n = b + -63. Calculate the highest common factor of 112 and n.
16
Let u be (0 + 1)/(10/30) + 129. Calculate the highest common factor of u and 176.
44
Suppose 0 = -85*u + 90*u - 120. What is the greatest common divisor of u and 252?
12
Let r = 154 + -149. Calculate the highest common factor of r and 85.
5
Let t = 187 + -168. Calculate the highest common divisor of 247 and t.
19
Let w(u) = 2*u - 7. Let s be w(5). Suppose -h - 537 = 3*x + 3*h, -3*x = -s*h + 558. Let i = -128 - x. What is the greatest common factor of i and 22?
11
Let p(f) = -f**2 + 3*f**2 - 3*f**2 - 13*f + 1. Let s be p(-7). Suppose h = 7 + s. What is the highest common factor of 10 and h?
10
Suppose 0*t - 10*t = -1890. Calculate the greatest common factor of 81 and t.
27
Let u be 6 + (-38)/(-4) - (44/8 + -4). Let f(n) = -n**2 - 4*n + 2. Let a be f(-4). What is the greatest common divisor of a and u?
2
Suppose -5*o - 55 = -5*w, 3 = 2*w + 2*o - 7. Calculate the highest common divisor of w and 2.
2
Let x(q) = 11*q**3 - q**2 + 3*q - 3. Let j be x(2). Calculate the greatest common divisor of j and 957.
87
Let l be 5 + 4/(1 + -3). Let b(v) = 6*v - 6*v**2 - 3*v + 5*v**2 + l*v**2 - 5. Let t be b(5). Calculate the greatest common factor of 15 and t.
15
Let d(g) = -11*g - 370. Let r be d(-36). What is the highest common factor of 78 and r?
26
Let t(r) = -r**3 + 4*r**2 - r. Let j be t(3). Let b be 6 - -9*4/(-12). Calculate the highest common factor of j and b.
3
Suppose 5*b = 42 - 252. Let h be (24*3/(-21))/(4/b). What is the highest common factor of h and 8?
4
Let v(x) = -30*x + 2. Let l be v(-1). Suppose -l = -2*q - 0. What is the greatest common factor of 24 and q?
8
Suppose 0 = 2*y + 7*s - 3*s - 14, -4*s + 23 = 3*y. Let r(p) = -11*p**3 - 2*p + 1. Let b be r(2). Let n = b + 154. What is the highest common factor of y and n?
9
Let q(g) = 2*g**2 + 0*g - 13*g**2 + 21*g - 15 - g**3 - 2*g**2. Let d be q(-15). Calculate the greatest common divisor of 30 and d.
30
Suppose 118*k = 126*k - 288. Let m(t) = 55*t**2 - t. Let x be m(1). Calculate the greatest common factor of k and x.
18
Let x = -245 + 461. Calculate the greatest common factor of 16 and x.
8
Suppose 0*c + 3*c - 153 = -4*y, y - c = 47. Let f be -4*4/(-80)*(8 + 7). What is the highest common divisor of y and f?
3
Let k be ((-5)/2)/((-2)/8). Let u = -18 + k. Let s = u + 14. What is the greatest common factor of 66 and s?
6
Let d = -13 - -11. Let w be (d - (-320)/35)*7. What is the highest common divisor of w and 75?
25
Let m(k) = 2*k**2 + 7*k. Let o be -1 + 2 + 6/(-1). Let y be m(o). Suppose c = y + 1. Calculate the highest common divisor of c and 24.
8
Let y = 86 + -81. Suppose 185 = 5*r + v, y*v - 97 = -4*r + 2*r. What is the highest common factor of r and 12?
12
Suppose -x = -3*t - 3487, x - 3296 = t + 183. Calculate the greatest common factor of x and 25.
25
Suppose -j = -3*k - 6*j + 22, 3*j = -k + 2. What is the greatest common factor of k and 763?
7
Let v = -954 - -1720. Let u be 2/7 - v/(-14). What is the greatest common divisor of 5 and u?
5
Let h = 1762 - 1186. Calculate the highest common factor of 72 and h.
72
Let i be 49*(3 - 2/1). Let t(r) = r**3 + 14*r**2 - 52*r - 10. Let a be t(-17). What is the greatest common factor of i and a?
7
Let d(z) = -z**2 + 9*z + 25. Let s be d(11). Let x be 2/(3/18*s). Suppose 10 = 2*y - 3*i, -3*y - 2*i = -y. Calculate the highest common divisor of x and y.
2
Let i = 199 + -188. Suppose -4*u - 3 = -t - 4*t, 5*t = -u + 18. Let d = i + u. What is the highest common divisor of d and 7?
7
Suppose 0 = -0*p + 4*p - 5*g - 20, -2*p + g + 16 = 0. Let i(j) = 8*j**2 - 2*j - 6. Let n be i(-2). Calculate the greatest common factor of n and p.
10
Suppose -4*l - 6*l + 52020 = 0. What is the greatest common factor of l and 18?
18
Let o be (20/(-16))/(2/(-8)). Let t(f) = 2*f**2 - 4*f + 3. Let d be t(3). Suppose 4*w = d + 71. What is the highest common divisor of o and w?
5
Suppose -12*s + 2 = -11*s. Suppose -2*g + 4*q = 6, -g - s*q = -0*q - 13. Let w = 33 + -8. Calculate the highest common factor of g and w.
5
Suppose 106 + 54 = 4*u. Let c(m) = -m**2 - 12*m - 12. Let y be c(-8). Calculate the greatest common divisor of u and y.
20
Suppose 6*i = 2*i + l + 19, 0 = -2*i + 3*l - 3. Suppose -185 = -i*f + f. Suppose f = 5*m - 18. Calculate the highest common divisor of 11 and m.
11
Let t be (2/(-2))/((-6)/(-450)). Let m be t/(-10)*(-138)/(-5). Let i = m - 102. Calculate the highest common divisor of 42 and i.
21
Suppose 22*a - 5253 + 353 = -28*a. Suppose -2*v = -1 - 55. Calculate the highest common factor of a and v.
14
Suppose 4*d = -5*q + 279 - 34, -q + 3*d = -30. Calculate the greatest common divisor of 225 and q.
45
Let f(r) = 5*r**2 + 12*r + 26. Let o = 146 + -156. Let s be f(o). Calculate the highest common divisor of s and 58.
58
Let d(y) = -y**3 - 6*y**2 - 8*y - 9. Let a = 23 - 28. Let h be d(a). What is the greatest common factor of h and 54?
6
Let s be (570/(-75))/(3/(-30)). What is the highest common divisor of s and 57?
19
Let v be 1/(((-55)/20)/(-11)). Suppose 3*r + 4*n = n + 54, -2*n - 96 = -v*r. Calculate the greatest common divisor of 22 and r.
22
Suppose 3*l - 384 + 135 = 0. What is the highest common divisor of 747 and l?
83
Let m = -81 + 106. Let f = m - -27. Calculate the greatest common factor of f and 130.
26
Let y(s) = s**2 - 30*s + 19. Let p be y(30). Suppose p*d - 14*d = 275. What is the highest common divisor of d and 33?
11
Let q be ((-20)/(-3) - 2)*(-12)/(-14). Suppose -4*z = -g + 6, 4*g + z = -38 + 11. Let j be (-168)/16*16/g. What is the highest common divisor of q and j?
4
Suppose 146*d - 139*d = 336. What is the greatest common divisor of d and 12?
12
Suppose -18 = -4*p - 2*p. Suppose p*y = 3*b - 120, -6*y - 116 = -3*b - 4*y. Suppose 0 = -2*n + 4*n - b. Calculate the greatest common factor of 27